43 = 0, -4*o - 4 = 2*v + 2*v. Let r = 0 + o. Is r/(1*-3) - -47 a composite number?
True
Let x = 2976 - -2471. Is x a prime number?
False
Suppose -3*z + 2 + 7 = 0. Let r(p) = 2*p**3 - 2*p**2 + p - 4. Is r(z) composite?
True
Suppose b - 696 = l, 0 = 2*l + b - 813 + 2217. Let q = -399 - l. Is q a composite number?
True
Suppose -13405 = 3*s - 2*o, -7*o = -3*o - 20. Let r be s/(-45) - (-2)/(-9). Is (3 + -2)/(3/r) prime?
False
Let f be -1*5/1*-1. Let l be -3 - (1 - -10 - 0). Let j = f - l. Is j a composite number?
False
Let m be 3/(-2)*4/(-3). Suppose -m*k + 65 = -449. Is k prime?
True
Let t(h) = 229*h + 4. Is t(3) prime?
True
Let q(t) = t**3 - 11*t**2 - t - 11. Is q(12) prime?
False
Let j(h) = -h**2 - 5*h - 2. Suppose x - 2*x = -3*o - 5, -3*x + 4*o = 0. Let c be j(x). Let g(f) = 13*f**2 - 3*f + 3. Is g(c) prime?
False
Let m(x) = -333*x**2 - x. Let f be m(2). Let l be 8/(-36) - f/9. Suppose 3*w - l = -w. Is w composite?
False
Let t(w) = 3*w**2 - 3*w + 2. Let c be t(2). Is (c/16)/(2/1772) a prime number?
True
Suppose 0*u - 91 = -u. Let f = 348 - u. Is f prime?
True
Let f = 246 + 48. Is f/6 - (-1 + 1) composite?
True
Let l(o) = o**3 + 2*o**2 - 2*o + 6. Let t be l(0). Let x(y) be the first derivative of 35*y**2/2 + y + 1. Is x(t) composite?
False
Let p = 67 - 30. Is p prime?
True
Is 4/(-16) + (-717)/(-4) a composite number?
False
Is (1 - (-6)/(-4))/(29/(-3074)) a composite number?
False
Let n = -3686 + 5404. Is n a composite number?
True
Let p(y) = y**2 + 2*y - 6*y**3 - y - y**3. Let v(l) = l**3 - 7*l**2 - 8*l - 1. Let j be v(8). Is p(j) a prime number?
True
Let t(o) = -o**3 + 7*o**2 - 2*o + 7. Is t(6) prime?
True
Let q(s) be the second derivative of -s**3/6 + 2*s**2 - 3*s. Let c be q(7). Let i(u) = 15*u**2 - 2. Is i(c) a composite number?
True
Suppose 259 = 5*b + 3*s, 2*b + b - 155 = -2*s. Is b composite?
False
Let b(j) be the second derivative of -3*j**2 - j + 0 + 3/2*j**3. Is b(5) prime?
False
Let u(q) = 64*q - 19. Is u(8) a prime number?
False
Suppose 0 = 5*z - 3*f - 6, -5*z - 3*f - f = -27. Suppose 0*u - 387 = -z*u. Let g = 182 - u. Is g composite?
False
Let a be (20/6)/(4/126). Let v be 1*-1 + (12 - 11). Suppose v = -0*d - 3*d + a. Is d a prime number?
False
Let b(r) = 71*r - 5. Is b(14) a composite number?
True
Let c(y) = -615*y - 2. Let m be c(-3). Let g = m - 1210. Suppose 188 = -5*o + g. Is o a composite number?
False
Let l(z) be the first derivative of -3/2*z**2 + 13*z - 4 + 1/3*z**3. Is l(9) composite?
False
Suppose 0 = 2*c + 2*h, 0 = c - h - 0*h + 8. Is (c/(-12))/(2/1122) a composite number?
True
Let l(t) = -2*t**3 - 3*t**2 - 8*t - 4. Let a be ((-15)/6)/(2/4). Is l(a) prime?
True
Let y(b) = -b**3 + b**2 + 7*b + 3. Is y(-5) a prime number?
False
Suppose -3*l = v - 856, -l - 548 = -3*l + 5*v. Suppose -2*g + l = -30. Is g a prime number?
True
Let h(b) be the first derivative of 146*b**3/3 - b**2/2 - b - 6. Is h(-1) composite?
True
Let k(q) = -q + 8. Let i be k(6). Let f = i + -1. Is (0 + (f - 2))*-53 a prime number?
True
Let p = 0 + 5. Suppose p*s + 5*g = -10, -g - g = 5*s - 2. Suppose 0 = o + a - 3*a - 75, -170 = -s*o - a. Is o a prime number?
True
Let c(r) = 16*r - 23. Suppose -4 = 2*d + 3*a, 2*d + 2*a + 5 + 3 = 0. Let n(m) = -24*m + 35. Let l(z) = d*c(z) - 5*n(z). Is l(-7) a composite number?
True
Let t(w) = w**3 - 12*w**2 + 6*w + 5. Is t(12) composite?
True
Suppose -2*b - b + 138 = 0. Let j = 2 + b. Let w = j - 1. Is w a prime number?
True
Let v = -1473 - -2102. Is v prime?
False
Let o = -17 - -17. Is 1 - 1 - (-191 - o) a prime number?
True
Let h be 34*12/(-9)*6. Let z = -659 + 1046. Let b = z + h. Is b a prime number?
False
Let c(i) = i**3 + 3*i**2 + i + 3. Let w be c(-3). Let z(b) = 2*b**2 + 10*b - 1. Let u be z(-6). Let y = u - w. Is y composite?
False
Let s = -22 - -32. Is s a composite number?
True
Suppose d = 6*d - p - 12417, -7457 = -3*d + 4*p. Is d a prime number?
False
Suppose d + 5 - 27 = 0. Suppose 0 = -p + 4 - 2. Suppose 0*u + d = p*u. Is u prime?
True
Suppose -u - 4*l = 0, l = u - 2*l + 7. Is (111/(-6))/(2/u) a prime number?
True
Let l be (-3 + 19)/((-2)/(-4)). Let b = -21 + l. Suppose -12 = -g + b. Is g a prime number?
True
Let a(z) = -z**2 + 4*z + 4. Let c be a(4). Suppose 2*p + 3*b - 31 = 0, c*b - 2 = 5*p - 22. Is (-84)/p*(0 + -2) a prime number?
False
Suppose 0 = 6*a - 11*a + 445. Is a prime?
True
Let f(i) = 307*i**2 + 5*i + 1. Is f(-2) composite?
True
Suppose -3*w + 1 = -2*r, -4*w - 2 = -2*w. Is 2/(8/(-310))*r prime?
False
Let u(t) = -t**3 + 862. Is u(0) a composite number?
True
Suppose 3*s + 0*s = 147. Is s prime?
False
Suppose -2*i + 25 = -7*i. Let g = 11 + i. Is g a prime number?
False
Let d be 11/1*(-1 + 24). Suppose 10 = 2*h, -4*h - d = -4*x - h. Is x a composite number?
False
Suppose 4*g - 285 = g. Is g composite?
True
Suppose -4*h - 13 = -4*o - 3*h, 3*h = 5*o - 11. Let d = 6 + -2. Suppose 0 = -x - 4*u + 21 - o, d*x = -3*u + 133. Is x a composite number?
False
Suppose 3*r + 4*l = 2, -2*r = -2*l - l - 7. Suppose 4*g - r*g = -5*x + 3, 13 = 4*g + 3*x. Suppose -265 = -m - g*m. Is m a prime number?
True
Let r(g) = -8*g - 15. Let o = 15 - 25. Is r(o) prime?
False
Let z(f) = 3*f + 74 + 0 - 4*f. Is z(0) a composite number?
True
Let b be (1 - 2/2)/(-1). Suppose b*l = 2*l. Is (l - 11)*2/(-2) a composite number?
False
Suppose 7*s - 4*s = -39. Let h(d) = d**2 + 6*d + 18. Is h(s) prime?
True
Suppose -y = y + 8, -2*y = -3*o + 14. Suppose 3*a - 143 = o*a. Is a a prime number?
False
Let v(m) = m**3 + 15*m**2 + 11*m + 16. Is v(-11) a composite number?
False
Let p = 5306 - 2869. Is p composite?
False
Let s = -165 - -256. Let x = s + -50. Suppose 4*b - 115 = x. Is b composite?
True
Suppose -3*s + k + 228 = -s, 4*s + k - 462 = 0. Let q = s - -33. Suppose 5*a = a + q. Is a prime?
True
Let m be -2*(-9)/(-6) - -945. Let n = -549 + m. Is n composite?
True
Let f(p) = 2*p**3 - 4 - 1 + p**2 - p + 6. Is f(2) composite?
False
Suppose a - 510 = -4*a - 5*v, 0 = 4*a - 3*v - 415. Is a prime?
True
Suppose -3*v + 4*d = d - 12870, -2*v - d = -8583. Is v composite?
True
Suppose 16*a - 269 = 15*a. Is a composite?
False
Suppose -4 = 4*d + 5*r, 6*d = 2*d + 3*r + 28. Suppose -u - y + 78 = 0, 2*y - 307 = -d*u - 3*y. Is u composite?
False
Let t = -31022 - -50461. Is t prime?
False
Let k be (-10)/(-1 - (-2 + 3)). Suppose o + 2*v - 176 = k*v, -o + 2*v + 181 = 0. Is o a composite number?
False
Suppose -2*v + 6*v = 2692. Is v prime?
True
Let z(m) = -2*m**3 + 2*m**2 + 7. Is z(-5) prime?
True
Suppose -1 - 11 = -3*k. Suppose -2*p = -k*p. Suppose 5*o + 2*q - 247 = p, -5*o = -3*q + 81 - 348. Is o prime?
False
Let l(w) = -87*w**2 + w. Let g be l(1). Is (g/4)/((-3)/6) composite?
False
Let w(h) = -3*h - 10. Let r be w(-4). Is (33/1)/(r/2) a composite number?
True
Let d(k) = -4*k - 1. Let u be d(2). Let l be 2/u - 16/(-72). Suppose -j + 69 = -l*j. Is j a prime number?
False
Let x be ((-12)/30)/((-1)/15). Let w be x/15 - 18/(-5). Suppose -4*v - v - 5 = 0, 191 = w*f + 5*v. Is f a prime number?
False
Is (-2)/9 + (-16016)/(-144) prime?
False
Let t be -2 + (1*-4)/(-1). Suppose -974 = -t*z - 0*z. Is z a composite number?
False
Let j be 3 + (-4 - -2) - -3. Suppose -j*k + 3*k + 450 = 4*g, 0 = 2*g + k - 224. Is g composite?
False
Let o(r) = 5*r**2 + r - 3. Is o(5) composite?
False
Let r be (0/2)/(2/2). Let g = r - 0. Is g/(-2) - (-26 - 5) composite?
False
Let x = -1 - -4. Let u be -8 + 1 + 0 - -1. Is u/9 + 71/x a composite number?
False
Let l be (-18)/12*12/2. Is (-233)/(-3) + 6/l a composite number?
True
Let b = 10 - 7. Suppose 258 = -o + b*o. Is o prime?
False
Let s(j) = -j**3 - 4*j**2 + 3*j - 7. Let x be s(-5). Suppose 0 = x*d - 4*g + 2*g - 232, -3*g + 355 = 5*d. Is d prime?
False
Let k(r) = r - r - 3*r - 1 - 1 - 5*r**3 - 5*r**2. Is k(-3) a composite number?
False
Is ((-2972)/8)/(2/(-4)) prime?
True
Let n be (-40)/(-25)*5/2. Is (1 + 1)/(n/106) prime?
True
Suppose -3*q = -s - 7*q, -q + 15 = 4*s. Suppose 0 = a + s*a - 2945. Is a composite?
True
Let v(m) = -m**2 - 42*m + 51. Is v(-22) a composite number?
False
Let u(m) = -52*m**3 + 2*m**2 + 2*m + 1. Let c(v) = v + 13. Let a be c(-14). Is u(a) prime?
True
Let c(b) = b**3 + 4*b**2 + 3*b + 2. Let t = 7 - 10. Let r be c(t). Is ((0 - 1) + r)*49 a composite number?
True
Let c(o) = o**2 - 6*o + 5. Let g be c(5). Is -58*(-1 + g) - 